t is the units digit of 1347736?
6
What is the units digit of 266245?
5
What is the hundreds digit of 6284576?
5
What is the tens digit of 44031?
3
What is the units digit of 45400?
0
What is the units digit of 12662644?
4
What is the tens digit of 254841?
4
What is the ten millions digit of 28952999?
2
What is the thousands digit of 182210?
2
What is the millions digit of 3352635?
3
What is the thousands digit of 4647581?
7
What is the thousands digit of 6267597?
7
What is the thousands digit of 670359?
0
What is the hundreds digit of 23042137?
1
What is the units digit of 401193?
3
What is the hundreds digit of 6390488?
4
What is the hundreds digit of 16473355?
3
What is the units digit of 484707?
7
What is the thousands digit of 501002?
1
What is the thousands digit of 601050?
1
What is the hundreds digit of 3969225?
2
What is the ten thousands digit of 72308?
7
What is the thousands digit of 263070?
3
What is the units digit of 6498300?
0
What is the ten thousands digit of 29751316?
5
What is the hundred thousands digit of 1373555?
3
What is the tens digit of 94912?
1
What is the thousands digit of 211404?
1
What is the ten thousands digit of 5343550?
4
What is the hundred thousands digit of 17742469?
7
What is the tens digit of 2206947?
4
What is the hundred thousands digit of 279117?
2
What is the millions digit of 26738533?
6
What is the hundreds digit of 9422698?
6
What is the units digit of 1344299?
9
What is the millions digit of 5161383?
5
What is the hundred thousands digit of 251526?
2
What is the units digit of 377880?
0
What is the hundred thousands digit of 2239190?
2
What is the tens digit of 49375?
7
What is the millions digit of 2265494?
2
What is the hundred thousands digit of 20016850?
0
What is the hundred thousands digit of 131359?
1
What is the tens digit of 171253?
5
What is the millions digit of 1392970?
1
What is the units digit of 1831929?
9
What is the tens digit of 853164?
6
What is the thousands digit of 641894?
1
What is the thousands digit of 1235438?
5
What is the tens digit of 736853?
5
What is the hundred thousands digit of 301425?
3
What is the millions digit of 31216492?
1
What is the tens digit of 39303120?
2
What is the units digit of 1338615?
5
What is the hundred thousands digit of 1610757?
6
What is the thousands digit of 595286?
5
What is the ten millions digit of 11542467?
1
What is the tens digit of 287374?
7
What is the ten thousands digit of 946693?
4
What is the ten thousands digit of 395797?
9
What is the ten millions digit of 21462646?
2
What is the hundreds digit of 292102?
1
What is the units digit of 6333309?
9
What is the thousands digit of 677866?
7
What is the thousands digit of 1603123?
3
What is the ten thousands digit of 8155586?
5
What is the hundred thousands digit of 1218929?
2
What is the thousands digit of 4378585?
8
What is the units digit of 7437164?
4
What is the hundred thousands digit of 11904727?
9
What is the ten thousands digit of 147774?
4
What is the thousands digit of 239050?
9
What is the units digit of 1911577?
7
What is the ten thousands digit of 259316?
5
What is the thousands digit of 474628?
4
What is the tens digit of 4445501?
0
What is the tens digit of 1946825?
2
What is the hundreds digit of 34491?
4
What is the millions digit of 2627498?
2
What is the ten thousands digit of 183139?
8
What is the hundred thousands digit of 2522770?
5
What is the thousands digit of 16687213?
7
What is the thousands digit of 233356?
3
What is the thousands digit of 335853?
5
What is the hundred thousands digit of 907626?
9
What is the millions digit of 7289176?
7
What is the thousands digit of 987098?
7
What is the hundreds digit of 93594?
5
What is the tens digit of 11855316?
1
What is the units digit of 848159?
9
What is the tens digit of 651162?
6
What is the units digit of 679107?
7
What is the tens digit of 6639607?
0
What is the units digit of 685475?
5
What is the ten thousands digit of 1331244?
3
What is the hundreds digit of 15346897?
8
What is the thousands digit of 347062?
7
What is the thousands digit of 285103?
5
What is the hundreds digit of 992454?
4
What is the units digit of 985369?
9
What is the ten thousands digit of 2344674?
4
What is the millions digit of 2412176?
2
What is the ten thousands digit of 539363?
3
What is the thousands digit of 1370393?
0
What is the tens digit of 689703?
0
What is the ten thousands digit of 45466?
4
What is the tens digit of 1852499?
9
What is the millions digit of 3913418?
3
What is the tens digit of 215214?
1
What is the hundreds digit of 81138?
1
What is the hundreds digit of 4973401?
4
What is the tens digit of 913480?
8
What is the hundred thousands digit of 330162?
3
What is the hundred thousands digit of 2771934?
7
What is the units digit of 679148?
8
What is the millions digit of 1133918?
1
What is the units digit of 322883?
3
What is the thousands digit of 1375810?
5
What is the tens digit of 662184?
8
What is the tens digit of 1814399?
9
What is the hundreds digit of 2129012?
0
What is the units digit of 22975233?
3
What is the ten thousands digit of 7387150?
8
What is the ten thousands digit of 776938?
7
What is the thousands digit of 3364643?
4
What is the millions digit of 25055010?
5
What is the units digit of 68302?
2
What is the thousands digit of 7567708?
7
What is the tens digit of 624365?
6
What is the millions digit of 9486648?
9
What is the hundreds digit of 113775?
7
What is the tens digit of 1691300?
0
What is the thousands digit of 7000282?
0
What is the ten thousands digit of 1384524?
8
What is the units digit of 341705?
5
What is the units digit of 97846?
6
What is the tens digit of 3022745?
4
What is the tens digit of 5853320?
2
What is the ten millions digit of 17667390?
1
What is the units digit of 306882?
2
What is the ten thousands digit of 306490?
0
What is the ten thousands digit of 1335588?
3
What is the tens digit of 359459?
5
What is the ten thousands digit of 813092?
1
What is the hundred thousands digit of 150837?
1
What is the units digit of 8965804?
4
What is the ten thousands digit of 23045896?
4
What is the units digit of 1121431?
1
What is the tens digit of 6107926?
2
What is the millions digit of 34145143?
4
What is the ten thousands digit of 542866?
4
What is the ten thousands digit of 5509448?
0
What is the units digit of 1810904?
4
What is the units digit of 1284318?
8
What is the thousands digit of 41477?
1
What is the tens digit of 45945?
4
What is the tens digit of 8405423?
2
What is the units digit of 388187?
7
What is the units digit of 1384168?
8
What is the units digit of 285004?
4
What is the units digit of 184198?
8
What is the tens digit of 6639?
3
What is the units digit of 1164154?
4
What is the thousands digit of 30341906?
1
What is the ten thousands digit of 2619994?
1
What is the units digit of 8631096?
6
What is the tens digit of 29251601?
0
What is the tens digit of 3967259?
5
What is the units digit of 146727?
7
What is the hundred thousands digit of 148795?
1
What is the units digit of 19986415?
5
What is the thousands digit of 7995602?
5
What is the units digit of 10057048?
8
What is the ten millions digit of 36728527?
3
What is the ten thousands digit of 134296?
3
What is the units digit of 11691146?
6
What is the hundreds digit of 38442896?
8
What is the hundred thousands digit of 3549857?
5
What is the millions digit of 13891617?
3
What is the units digit of 13355216?
6
What is the millions digit of 2850313?
2
What is the ten thousands digit of 2500293?
0
What is the ten thousands digit of 175522?
7
What is the tens digit of 4176878?
7
What is the thousands digit of 4254746?
4
What is the hundred thousands digit of 362629?
3
What is the thousands digit of 735306?
5
What is the units digit of 342355?
5
What is the hundred thousands digit of 2919619?
9
What is the hundred thousands digit of 253129?
2
What is the thousands digit of 1620230?
0
What is the millions digit of 6824510?
6
What is the hundreds digit of 1018432?
4
What is the hundreds digit of 1179177?
1
What is the tens digit of 41207?
0
What is the units digit of 1938459?
9
What is the hundreds digit of 222992?
9
What is the units digit of 81171?
1
What is the thousands digit of 15192124?
2
What